{"id":170,"date":"2023-01-22T16:23:30","date_gmt":"2023-01-22T15:23:30","guid":{"rendered":"https:\/\/mellifera78.wordpress.com\/?page_id=170"},"modified":"2023-01-22T16:23:30","modified_gmt":"2023-01-22T15:23:30","slug":"170-2","status":"publish","type":"page","link":"https:\/\/canif.org\/?page_id=170","title":{"rendered":"Actualit\u00e9"},"content":{"rendered":"\n<p class=\"has-text-align-center has-text-color has-small-font-size\" style=\"color:#967e7e\">DERNI\u00c8RES STORIES<\/p>\n\n\n\n<div class=\"wp-block-columns is-layout-flex wp-container-core-columns-is-layout-28f84493 wp-block-columns-is-layout-flex\">\n<div class=\"wp-block-column is-layout-flow wp-block-column-is-layout-flow\"><ul class=\"wp-block-latest-posts__list wp-block-latest-posts\"><li><a class=\"wp-block-latest-posts__post-title\" href=\"https:\/\/canif.org\/?p=516\">\ud83d\udc1d\u2728 Une matin\u00e9e inoubliable pour les \u00e9l\u00e8ves de CE1 \u00e0 l\u2019\u00e9cole d\u2019\u00c9pernon !<\/a><\/li>\n<li><a class=\"wp-block-latest-posts__post-title\" href=\"https:\/\/canif.org\/?p=511\">\ud83d\udc1d Formation Apiculture &#8211; Saison 2025 \ud83d\udc1d<\/a><\/li>\n<li><a class=\"wp-block-latest-posts__post-title\" href=\"https:\/\/canif.org\/?p=487\">Bonne et heureuse ann\u00e9e 2025<\/a><\/li>\n<li><a class=\"wp-block-latest-posts__post-title\" href=\"https:\/\/canif.org\/?p=480\">Bergerie Nationale de Rambouillet &#8211; septembre 2024<\/a><\/li>\n<li><a class=\"wp-block-latest-posts__post-title\" href=\"https:\/\/canif.org\/?p=506\">\ud83d\udc1d Le CANIF s&#8217;installe au Parc Naturel R\u00e9gional de la Haute Vall\u00e9e de Chevreuse !<\/a><\/li>\n<\/ul><\/div>\n\n\n\n<div class=\"wp-block-column is-layout-flow wp-block-column-is-layout-flow\"><ul class=\"wp-block-categories-list wp-block-categories\">\t<li class=\"cat-item cat-item-2\"><a href=\"https:\/\/canif.org\/?cat=2\">Actualit\u00e9<\/a>\n<\/li>\n\t<li class=\"cat-item cat-item-37\"><a href=\"https:\/\/canif.org\/?cat=37\">Etudes<\/a>\n<\/li>\n\t<li class=\"cat-item cat-item-3\"><a href=\"https:\/\/canif.org\/?cat=3\">FEdCAN<\/a>\n<\/li>\n\t<li class=\"cat-item cat-item-38\"><a href=\"https:\/\/canif.org\/?cat=38\">Non class\u00e9<\/a>\n<\/li>\n\t<li class=\"cat-item cat-item-4\"><a href=\"https:\/\/canif.org\/?cat=4\">Recherche<\/a>\n<\/li>\n<\/ul><\/div>\n<\/div>\n","protected":false},"excerpt":{"rendered":"<p>DERNI\u00c8RES STORIES<\/p>\n","protected":false},"author":2,"featured_media":0,"parent":0,"menu_order":0,"comment_status":"closed","ping_status":"closed","template":"","meta":{"footnotes":""},"class_list":["post-170","page","type-page","status-publish","hentry"],"_links":{"self":[{"href":"https:\/\/canif.org\/index.php?rest_route=\/wp\/v2\/pages\/170","targetHints":{"allow":["GET"]}}],"collection":[{"href":"https:\/\/canif.org\/index.php?rest_route=\/wp\/v2\/pages"}],"about":[{"href":"https:\/\/canif.org\/index.php?rest_route=\/wp\/v2\/types\/page"}],"author":[{"embeddable":true,"href":"https:\/\/canif.org\/index.php?rest_route=\/wp\/v2\/users\/2"}],"replies":[{"embeddable":true,"href":"https:\/\/canif.org\/index.php?rest_route=%2Fwp%2Fv2%2Fcomments&post=170"}],"version-history":[{"count":0,"href":"https:\/\/canif.org\/index.php?rest_route=\/wp\/v2\/pages\/170\/revisions"}],"wp:attachment":[{"href":"https:\/\/canif.org\/index.php?rest_route=%2Fwp%2Fv2%2Fmedia&parent=170"}],"curies":[{"name":"wp","href":"https:\/\/api.w.org\/{rel}","templated":true}]}}

Actualité

<p class="has-text-align-center has-text-color has-small-font-size" style="color:#967e7e">DERNIÈRES STORIES</p>



<div class="wp-block-columns is-layout-flex wp-container-core-columns-is-layout-28f84493 wp-block-columns-is-layout-flex">
<div class="wp-block-column is-layout-flow wp-block-column-is-layout-flow"><ul class="wp-block-latest-posts__list wp-block-latest-posts"><li><a class="wp-block-latest-posts__post-title" href="https://canif.org/?p=516">🐝✨ Une matinée inoubliable pour les élèves de CE1 à l’école d’Épernon !</a></li>
<li><a class="wp-block-latest-posts__post-title" href="https://canif.org/?p=511">🐝 Formation Apiculture &#8211; Saison 2025 🐝</a></li>
<li><a class="wp-block-latest-posts__post-title" href="https://canif.org/?p=487">Bonne et heureuse année 2025</a></li>
<li><a class="wp-block-latest-posts__post-title" href="https://canif.org/?p=480">Bergerie Nationale de Rambouillet &#8211; septembre 2024</a></li>
<li><a class="wp-block-latest-posts__post-title" href="https://canif.org/?p=506">🐝 Le CANIF s&#8217;installe au Parc Naturel Régional de la Haute Vallée de Chevreuse !</a></li>
</ul></div>



<div class="wp-block-column is-layout-flow wp-block-column-is-layout-flow"><ul class="wp-block-categories-list wp-block-categories">	<li class="cat-item cat-item-2"><a href="https://canif.org/?cat=2">Actualité</a>
</li>
	<li class="cat-item cat-item-37"><a href="https://canif.org/?cat=37">Etudes</a>
</li>
	<li class="cat-item cat-item-3"><a href="https://canif.org/?cat=3">FEdCAN</a>
</li>
	<li class="cat-item cat-item-38"><a href="https://canif.org/?cat=38">Non classé</a>
</li>
	<li class="cat-item cat-item-4"><a href="https://canif.org/?cat=4">Recherche</a>
</li>
</ul></div>
</div>

<p>DERNIÈRES STORIES</p>
